Last updated on 2024-05-23 01:57:50 CEST.
Flavor | Version | Tinstall | Tcheck | Ttotal | Status | Flags |
---|---|---|---|---|---|---|
r-devel-linux-x86_64-debian-clang | 1.0.2 | 2.50 | 26.41 | 28.91 | NOTE | |
r-devel-linux-x86_64-debian-gcc | 1.0.2 | 1.66 | 20.27 | 21.93 | NOTE | |
r-devel-linux-x86_64-fedora-clang | 1.0.2 | 36.29 | NOTE | |||
r-devel-linux-x86_64-fedora-gcc | 1.0.2 | 34.93 | NOTE | |||
r-devel-windows-x86_64 | 1.0.2 | 3.00 | 66.00 | 69.00 | NOTE | |
r-patched-linux-x86_64 | 1.0.2 | 2.14 | 24.89 | 27.03 | NOTE | |
r-release-linux-x86_64 | 1.0.2 | 2.04 | 25.52 | 27.56 | NOTE | |
r-release-macos-arm64 | 1.0.2 | 17.00 | NOTE | |||
r-release-windows-x86_64 | 1.0.2 | 3.00 | 48.00 | 51.00 | NOTE | |
r-oldrel-macos-arm64 | 1.0.2 | 19.00 | NOTE | |||
r-oldrel-macos-x86_64 | 1.0.2 | 22.00 | NOTE | |||
r-oldrel-windows-x86_64 | 1.0.2 | 4.00 | 47.00 | 51.00 | NOTE |
Version: 1.0.2
Check: LazyData
Result: NOTE
'LazyData' is specified without a 'data' directory
Flavors: r-devel-linux-x86_64-debian-clang, r-devel-linux-x86_64-debian-gcc, r-devel-linux-x86_64-fedora-clang, r-devel-linux-x86_64-fedora-gcc, r-devel-windows-x86_64, r-patched-linux-x86_64, r-release-linux-x86_64, r-release-macos-arm64, r-release-windows-x86_64, r-oldrel-macos-arm64, r-oldrel-macos-x86_64, r-oldrel-windows-x86_64