Last updated on 2024-05-23 01:57:58 CEST.
Flavor | Version | Tinstall | Tcheck | Ttotal | Status | Flags |
---|---|---|---|---|---|---|
r-devel-linux-x86_64-debian-clang | 0.8.4 | 125.54 | 50.65 | 176.19 | NOTE | |
r-devel-linux-x86_64-debian-gcc | 0.8.4 | 74.07 | 37.57 | 111.64 | NOTE | |
r-devel-linux-x86_64-fedora-clang | 0.8.4 | 263.13 | NOTE | |||
r-devel-linux-x86_64-fedora-gcc | 0.8.4 | 252.56 | NOTE | |||
r-devel-windows-x86_64 | 0.8.4 | 83.00 | 92.00 | 175.00 | NOTE | |
r-patched-linux-x86_64 | 0.8.4 | 108.61 | 48.52 | 157.13 | NOTE | |
r-release-linux-x86_64 | 0.8.4 | 112.27 | 47.08 | 159.35 | NOTE | |
r-release-macos-arm64 | 0.8.4 | 55.00 | NOTE | |||
r-release-windows-x86_64 | 0.8.4 | 93.00 | 97.00 | 190.00 | NOTE | |
r-oldrel-macos-arm64 | 0.8.4 | 57.00 | OK | |||
r-oldrel-macos-x86_64 | 0.8.4 | 109.00 | OK | |||
r-oldrel-windows-x86_64 | 0.8.4 | 90.00 | 99.00 | 189.00 | OK |
Version: 0.8.4
Check: Rd files
Result: NOTE
checkRd: (-1) laf_open.Rd:10: Lost braces; missing escapes or markup?
10 | \item{model}{a {data model}, such as one returned by \link{read_dm} or
| ^
Flavors: r-devel-linux-x86_64-debian-clang, r-devel-linux-x86_64-debian-gcc, r-devel-linux-x86_64-fedora-clang, r-devel-linux-x86_64-fedora-gcc, r-devel-windows-x86_64, r-patched-linux-x86_64, r-release-linux-x86_64, r-release-macos-arm64, r-release-windows-x86_64