Last updated on 2024-05-19 01:58:23 CEST.
Flavor | Version | Tinstall | Tcheck | Ttotal | Status | Flags |
---|---|---|---|---|---|---|
r-devel-linux-x86_64-debian-clang | 0.1.4.2 | 26.39 | 185.99 | 212.38 | OK | |
r-devel-linux-x86_64-debian-gcc | 0.1.4.2 | 26.53 | 159.29 | 185.82 | OK | |
r-devel-linux-x86_64-fedora-clang | 0.1.4.2 | 275.90 | OK | |||
r-devel-linux-x86_64-fedora-gcc | 0.1.4.2 | 504.68 | OK | |||
r-devel-windows-x86_64 | 0.1.4.2 | 29.00 | 150.00 | 179.00 | OK | |
r-patched-linux-x86_64 | 0.1.4.2 | 26.27 | 194.13 | 220.40 | OK | |
r-release-linux-x86_64 | 0.1.4.2 | 22.79 | 193.76 | 216.55 | OK | |
r-release-macos-arm64 | 0.1.4.2 | 124.00 | NOTE | |||
r-release-windows-x86_64 | 0.1.4.2 | 29.00 | 153.00 | 182.00 | OK | |
r-oldrel-macos-arm64 | 0.1.4.2 | 132.00 | NOTE | |||
r-oldrel-macos-x86_64 | 0.1.4.2 | 299.00 | NOTE | |||
r-oldrel-windows-x86_64 | 0.1.4.2 | 38.00 | 182.00 | 220.00 | OK |
Version: 0.1.4.2
Check: installed package size
Result: NOTE
installed size is 5.1Mb
sub-directories of 1Mb or more:
R 1.1Mb
data 3.9Mb
Flavors: r-release-macos-arm64, r-oldrel-macos-arm64, r-oldrel-macos-x86_64