Last updated on 2024-05-25 02:51:55 CEST.
Flavor | Version | Tinstall | Tcheck | Ttotal | Status | Flags |
---|---|---|---|---|---|---|
r-devel-linux-x86_64-debian-clang | 5.0.2 | 65.78 | 242.45 | 308.23 | NOTE | |
r-devel-linux-x86_64-debian-gcc | 5.0.2 | 49.49 | 173.70 | 223.19 | NOTE | |
r-devel-linux-x86_64-fedora-clang | 5.0.2 | 396.74 | NOTE | |||
r-devel-linux-x86_64-fedora-gcc | 5.0.2 | 377.12 | NOTE | |||
r-devel-windows-x86_64 | 5.0.2 | 52.00 | 241.00 | 293.00 | NOTE | |
r-patched-linux-x86_64 | 5.0.2 | 56.46 | 233.22 | 289.68 | NOTE | |
r-release-linux-x86_64 | 5.0.2 | 49.76 | 232.18 | 281.94 | NOTE | |
r-release-macos-arm64 | 5.0.2 | 89.00 | NOTE | |||
r-release-macos-x86_64 | 5.0.2 | 285.00 | NOTE | |||
r-release-windows-x86_64 | 5.0.2 | 56.00 | 242.00 | 298.00 | NOTE | |
r-oldrel-macos-arm64 | 5.0.2 | 88.00 | NOTE | |||
r-oldrel-macos-x86_64 | 5.0.2 | 267.00 | NOTE | |||
r-oldrel-windows-x86_64 | 5.0.2 | 69.00 | 299.00 | 368.00 | NOTE |
Version: 5.0.2
Check: package dependencies
Result: NOTE
Package suggested but not available for checking: ‘BPCells’
Flavors: r-devel-linux-x86_64-debian-clang, r-devel-linux-x86_64-debian-gcc, r-devel-linux-x86_64-fedora-clang, r-devel-linux-x86_64-fedora-gcc, r-devel-windows-x86_64, r-patched-linux-x86_64, r-release-linux-x86_64, r-release-macos-arm64, r-release-macos-x86_64, r-release-windows-x86_64, r-oldrel-windows-x86_64
Version: 5.0.2
Check: Rd cross-references
Result: NOTE
Undeclared packages ‘plotly’, ‘cli’ in Rd xrefs
Flavor: r-devel-linux-x86_64-fedora-clang
Version: 5.0.2
Check: package dependencies
Result: NOTE
Packages suggested but not available for checking: 'HDF5Array', 'BPCells'
Flavors: r-oldrel-macos-arm64, r-oldrel-macos-x86_64