Last updated on 2024-06-08 01:54:19 CEST.
Flavor | Version | Tinstall | Tcheck | Ttotal | Status | Flags |
---|---|---|---|---|---|---|
r-devel-linux-x86_64-debian-clang | 1.4 | 12.67 | 126.48 | 139.15 | NOTE | |
r-devel-linux-x86_64-debian-gcc | 1.4 | 11.28 | 95.00 | 106.28 | NOTE | |
r-devel-linux-x86_64-fedora-clang | 1.4 | 177.61 | NOTE | |||
r-devel-linux-x86_64-fedora-gcc | 1.4 | 164.91 | NOTE | |||
r-devel-windows-x86_64 | 1.4 | 13.00 | 107.00 | 120.00 | NOTE | |
r-patched-linux-x86_64 | 1.4 | 22.16 | 123.41 | 145.57 | NOTE | |
r-release-linux-x86_64 | 1.4 | 12.63 | 125.65 | 138.28 | NOTE | |
r-release-macos-arm64 | 1.4 | 52.00 | NOTE | |||
r-release-macos-x86_64 | 1.4 | 74.00 | NOTE | |||
r-release-windows-x86_64 | 1.4 | 13.00 | 106.00 | 119.00 | NOTE | |
r-oldrel-macos-arm64 | 1.4 | 39.00 | OK | |||
r-oldrel-macos-x86_64 | 1.4 | 64.00 | OK | |||
r-oldrel-windows-x86_64 | 1.4 | 17.00 | 131.00 | 148.00 | OK |
Version: 1.4
Check: Rd files
Result: NOTE
checkRd: (-1) accelimp.Rd:15: Lost braces
15 | \item[]{...}
| ^
Flavors: r-devel-linux-x86_64-debian-clang, r-devel-linux-x86_64-debian-gcc, r-devel-linux-x86_64-fedora-clang, r-devel-linux-x86_64-fedora-gcc, r-devel-windows-x86_64, r-patched-linux-x86_64, r-release-linux-x86_64, r-release-macos-arm64, r-release-macos-x86_64, r-release-windows-x86_64
Version: 1.4
Check: for non-standard things in the check directory
Result: NOTE
Found the following files/directories:
‘acceldata2.RData’
Flavors: r-devel-linux-x86_64-debian-clang, r-devel-linux-x86_64-debian-gcc, r-devel-linux-x86_64-fedora-clang, r-devel-linux-x86_64-fedora-gcc, r-patched-linux-x86_64, r-release-linux-x86_64