Last updated on 2024-05-23 01:57:48 CEST.
Flavor | Version | Tinstall | Tcheck | Ttotal | Status | Flags |
---|---|---|---|---|---|---|
r-devel-linux-x86_64-debian-clang | 0.2.4 | 4.36 | 48.09 | 52.45 | OK | |
r-devel-linux-x86_64-debian-gcc | 0.2.4 | 3.05 | 36.46 | 39.51 | OK | |
r-devel-linux-x86_64-fedora-clang | 0.2.4 | 66.30 | NOTE | |||
r-devel-linux-x86_64-fedora-gcc | 0.2.4 | 62.33 | NOTE | |||
r-devel-windows-x86_64 | 0.2.4 | 5.00 | 56.00 | 61.00 | OK | |
r-patched-linux-x86_64 | 0.2.4 | 4.63 | 45.63 | 50.26 | OK | |
r-release-linux-x86_64 | 0.2.4 | 4.84 | 45.16 | 50.00 | OK | |
r-release-macos-arm64 | 0.2.4 | 24.00 | OK | |||
r-release-macos-x86_64 | 0.2.4 | 59.00 | OK | |||
r-release-windows-x86_64 | 0.2.4 | 5.00 | 59.00 | 64.00 | OK | |
r-oldrel-macos-arm64 | 0.2.4 | 29.00 | OK | |||
r-oldrel-macos-x86_64 | 0.2.4 | 68.00 | OK | |||
r-oldrel-windows-x86_64 | 0.2.4 | 6.00 | 62.00 | 68.00 | OK |
Version: 0.2.4
Check: data for non-ASCII characters
Result: NOTE
Note: found 11 marked UTF-8 strings
Flavors: r-devel-linux-x86_64-fedora-clang, r-devel-linux-x86_64-fedora-gcc