Last updated on 2024-05-19 01:58:18 CEST.
Flavor | Version | Tinstall | Tcheck | Ttotal | Status | Flags |
---|---|---|---|---|---|---|
r-devel-linux-x86_64-debian-clang | 1.3.13 | 10.71 | 101.82 | 112.53 | NOTE | |
r-devel-linux-x86_64-debian-gcc | 1.3.13 | 7.14 | 73.32 | 80.46 | NOTE | |
r-devel-linux-x86_64-fedora-clang | 1.3.13 | 143.69 | NOTE | |||
r-devel-linux-x86_64-fedora-gcc | 1.3.13 | 185.87 | NOTE | |||
r-devel-windows-x86_64 | 1.3.13 | 10.00 | 95.00 | 105.00 | NOTE | |
r-patched-linux-x86_64 | 1.3.13 | 12.24 | 95.40 | 107.64 | NOTE | |
r-release-linux-x86_64 | 1.3.13 | 11.51 | 95.38 | 106.89 | NOTE | |
r-release-macos-arm64 | 1.3.13 | 38.00 | NOTE | |||
r-release-windows-x86_64 | 1.3.13 | 9.00 | 95.00 | 104.00 | NOTE | |
r-oldrel-macos-arm64 | 1.3.13 | 41.00 | OK | |||
r-oldrel-macos-x86_64 | 1.3.13 | 105.00 | OK | |||
r-oldrel-windows-x86_64 | 1.3.13 | 13.00 | 111.00 | 124.00 | OK |
Version: 1.3.13
Check: Rd files
Result: NOTE
checkRd: (-1) NEWS.Rd:194: Lost braces; missing escapes or markup?
194 | \item added {d,r}betabinom
| ^
Flavors: r-devel-linux-x86_64-debian-clang, r-devel-linux-x86_64-debian-gcc, r-devel-linux-x86_64-fedora-clang, r-devel-linux-x86_64-fedora-gcc, r-devel-windows-x86_64, r-patched-linux-x86_64, r-release-linux-x86_64, r-release-macos-arm64, r-release-windows-x86_64