Last updated on 2024-05-23 01:57:54 CEST.
Flavor | Version | Tinstall | Tcheck | Ttotal | Status | Flags |
---|---|---|---|---|---|---|
r-devel-linux-x86_64-debian-clang | 0.2.7 | 47.11 | 35.13 | 82.24 | NOTE | |
r-devel-linux-x86_64-debian-gcc | 0.2.7 | 27.04 | 27.15 | 54.19 | NOTE | |
r-devel-linux-x86_64-fedora-clang | 0.2.7 | 113.67 | NOTE | |||
r-devel-linux-x86_64-fedora-gcc | 0.2.7 | 109.54 | NOTE | |||
r-devel-windows-x86_64 | 0.2.7 | 35.00 | 72.00 | 107.00 | NOTE | |
r-patched-linux-x86_64 | 0.2.7 | 43.08 | 33.66 | 76.74 | NOTE | |
r-release-linux-x86_64 | 0.2.7 | 43.97 | 33.88 | 77.85 | NOTE | |
r-release-macos-arm64 | 0.2.7 | 28.00 | NOTE | |||
r-release-windows-x86_64 | 0.2.7 | 36.00 | 73.00 | 109.00 | NOTE | |
r-oldrel-macos-arm64 | 0.2.7 | 33.00 | NOTE | |||
r-oldrel-macos-x86_64 | 0.2.7 | 49.00 | NOTE | |||
r-oldrel-windows-x86_64 | 0.2.7 | 43.00 | 79.00 | 122.00 | NOTE |
Version: 0.2.7
Check: C++ specification
Result: NOTE
Specified C++11: please drop specification unless essential
Flavors: r-devel-linux-x86_64-debian-clang, r-devel-linux-x86_64-debian-gcc, r-devel-linux-x86_64-fedora-clang, r-devel-linux-x86_64-fedora-gcc, r-devel-windows-x86_64, r-patched-linux-x86_64, r-release-linux-x86_64, r-release-macos-arm64, r-release-windows-x86_64, r-oldrel-macos-arm64, r-oldrel-macos-x86_64, r-oldrel-windows-x86_64
Version: 0.2.7
Check: compiled code
Result: NOTE
File ‘fastcmh/libs/fastcmh.so’:
Found no calls to: ‘R_registerRoutines’, ‘R_useDynamicSymbols’
It is good practice to register native routines and to disable symbol
search.
See ‘Writing portable packages’ in the ‘Writing R Extensions’ manual.
Flavors: r-devel-linux-x86_64-fedora-clang, r-devel-linux-x86_64-fedora-gcc