Last updated on 2024-05-25 02:51:41 CEST.
Flavor | Version | Tinstall | Tcheck | Ttotal | Status | Flags |
---|---|---|---|---|---|---|
r-devel-linux-x86_64-debian-clang | 1.0.0 | 6.01 | 49.34 | 55.35 | NOTE | |
r-devel-linux-x86_64-debian-gcc | 1.0.0 | 3.84 | 38.63 | 42.47 | NOTE | |
r-devel-linux-x86_64-fedora-clang | 1.0.0 | 70.35 | NOTE | |||
r-devel-linux-x86_64-fedora-gcc | 1.0.0 | 65.42 | NOTE | |||
r-devel-windows-x86_64 | 1.0.0 | 6.00 | 71.00 | 77.00 | NOTE | |
r-patched-linux-x86_64 | 1.0.0 | 4.39 | 49.34 | 53.73 | NOTE | |
r-release-linux-x86_64 | 1.0.0 | 3.44 | 48.76 | 52.20 | NOTE | |
r-release-macos-arm64 | 1.0.0 | 64.00 | NOTE | |||
r-release-windows-x86_64 | 1.0.0 | 6.00 | 69.00 | 75.00 | NOTE | |
r-oldrel-macos-arm64 | 1.0.0 | 56.00 | NOTE | |||
r-oldrel-macos-x86_64 | 1.0.0 | 65.00 | NOTE | |||
r-oldrel-windows-x86_64 | 1.0.0 | 7.00 | 77.00 | 84.00 | NOTE |
Version: 1.0.0
Check: package subdirectories
Result: NOTE
Problems with news in ‘NEWS.md’:
Cannot extract version info from the following section titles:
New Stuff
Flavors: r-devel-linux-x86_64-debian-clang, r-devel-linux-x86_64-debian-gcc, r-devel-linux-x86_64-fedora-clang, r-devel-linux-x86_64-fedora-gcc, r-devel-windows-x86_64, r-patched-linux-x86_64, r-release-linux-x86_64, r-release-macos-arm64, r-release-windows-x86_64, r-oldrel-macos-arm64, r-oldrel-macos-x86_64, r-oldrel-windows-x86_64
Version: 1.0.0
Check: LazyData
Result: NOTE
'LazyData' is specified without a 'data' directory
Flavors: r-devel-linux-x86_64-debian-clang, r-devel-linux-x86_64-debian-gcc, r-devel-linux-x86_64-fedora-clang, r-devel-linux-x86_64-fedora-gcc, r-devel-windows-x86_64, r-patched-linux-x86_64, r-release-linux-x86_64, r-release-macos-arm64, r-release-windows-x86_64, r-oldrel-macos-arm64, r-oldrel-macos-x86_64, r-oldrel-windows-x86_64
Version: 1.0.0
Check: dependencies in R code
Result: NOTE
Namespaces in Imports field not imported from:
‘rvest’ ‘stringi’
All declared Imports should be used.
Flavors: r-devel-linux-x86_64-fedora-clang, r-devel-linux-x86_64-fedora-gcc