Last updated on 2024-05-25 02:51:43 CEST.
Flavor | Version | Tinstall | Tcheck | Ttotal | Status | Flags |
---|---|---|---|---|---|---|
r-devel-linux-x86_64-debian-clang | 1.0-8 | 35.24 | 168.02 | 203.26 | NOTE | |
r-devel-linux-x86_64-debian-gcc | 1.0-8 | 24.13 | 117.85 | 141.98 | NOTE | |
r-devel-linux-x86_64-fedora-clang | 1.0-8 | 251.50 | NOTE | |||
r-devel-linux-x86_64-fedora-gcc | 1.0-8 | 238.89 | NOTE | |||
r-devel-windows-x86_64 | 1.0-8 | 19.00 | 95.00 | 114.00 | NOTE | |
r-patched-linux-x86_64 | 1.0-8 | 38.01 | 158.53 | 196.54 | NOTE | |
r-release-linux-x86_64 | 1.0-8 | 34.11 | 159.15 | 193.26 | NOTE | |
r-release-macos-arm64 | 1.0-8 | 95.00 | NOTE | |||
r-release-windows-x86_64 | 1.0-8 | 19.00 | 91.00 | 110.00 | NOTE | |
r-oldrel-macos-arm64 | 1.0-8 | 57.00 | OK | |||
r-oldrel-macos-x86_64 | 1.0-8 | 105.00 | OK | |||
r-oldrel-windows-x86_64 | 1.0-8 | 25.00 | 107.00 | 132.00 | OK |
Version: 1.0-8
Check: Rd files
Result: NOTE
checkRd: (-1) gWidgets2tcltk-undocumented.Rd:285: Lost braces in \itemize; meant \describe ?
checkRd: (-1) gWidgets2tcltk-undocumented.Rd:286-293: Lost braces in \itemize; meant \describe ?
checkRd: (-1) gWidgets2tcltk-undocumented.Rd:378: Lost braces
378 | \item{visible}{logical. If code{TRUE} window is drawn when
| ^
Flavors: r-devel-linux-x86_64-debian-clang, r-devel-linux-x86_64-debian-gcc, r-devel-linux-x86_64-fedora-clang, r-devel-linux-x86_64-fedora-gcc, r-devel-windows-x86_64, r-patched-linux-x86_64, r-release-linux-x86_64, r-release-macos-arm64, r-release-windows-x86_64