Last updated on 2024-06-08 01:54:29 CEST.
Flavor | Version | Tinstall | Tcheck | Ttotal | Status | Flags |
---|---|---|---|---|---|---|
r-devel-linux-x86_64-debian-clang | 0.5.11 | 12.39 | 115.97 | 128.36 | NOTE | |
r-devel-linux-x86_64-debian-gcc | 0.5.11 | 9.32 | 84.51 | 93.83 | NOTE | |
r-devel-linux-x86_64-fedora-clang | 0.5.11 | 157.24 | NOTE | |||
r-devel-linux-x86_64-fedora-gcc | 0.5.11 | 160.36 | NOTE | |||
r-devel-windows-x86_64 | 0.5.11 | 11.00 | 122.00 | 133.00 | NOTE | |
r-patched-linux-x86_64 | 0.5.11 | 14.94 | 108.95 | 123.89 | NOTE | |
r-release-linux-x86_64 | 0.5.11 | 13.83 | 109.33 | 123.16 | NOTE | |
r-release-macos-arm64 | 0.5.11 | 52.00 | NOTE | |||
r-release-macos-x86_64 | 0.5.11 | 80.00 | NOTE | |||
r-release-windows-x86_64 | 0.5.11 | 11.00 | 124.00 | 135.00 | NOTE | |
r-oldrel-macos-arm64 | 0.5.11 | 62.00 | OK | |||
r-oldrel-macos-x86_64 | 0.5.11 | 98.00 | OK | |||
r-oldrel-windows-x86_64 | 0.5.11 | 15.00 | 134.00 | 149.00 | OK |
Version: 0.5.11
Check: Rd files
Result: NOTE
checkRd: (-1) mada-data.Rd:45: Lost braces
45 | Kriston, L., H{\"o}elzel, L., Weiser, A., Berner, M., & Haerter, M. (2008).\dQuote{ Meta-analysis: Are 3
| ^
Flavors: r-devel-linux-x86_64-debian-clang, r-devel-linux-x86_64-debian-gcc, r-devel-linux-x86_64-fedora-clang, r-devel-linux-x86_64-fedora-gcc, r-devel-windows-x86_64, r-patched-linux-x86_64, r-release-linux-x86_64, r-release-macos-arm64, r-release-macos-x86_64, r-release-windows-x86_64