Last updated on 2024-05-27 02:48:08 CEST.
Flavor | Version | Tinstall | Tcheck | Ttotal | Status | Flags |
---|---|---|---|---|---|---|
r-devel-linux-x86_64-debian-clang | 0.1.0 | 5.18 | 37.42 | 42.60 | OK | |
r-devel-linux-x86_64-debian-gcc | 0.1.0 | 4.03 | 29.23 | 33.26 | OK | |
r-devel-linux-x86_64-fedora-clang | 0.1.0 | 56.15 | NOTE | |||
r-devel-linux-x86_64-fedora-gcc | 0.1.0 | 55.06 | NOTE | |||
r-devel-windows-x86_64 | 0.1.0 | 5.00 | 47.00 | 52.00 | OK | |
r-patched-linux-x86_64 | 0.1.0 | 4.81 | 35.27 | 40.08 | OK | |
r-release-linux-x86_64 | 0.1.0 | 5.28 | 35.63 | 40.91 | OK | |
r-release-macos-arm64 | 0.1.0 | 22.00 | OK | |||
r-release-windows-x86_64 | 0.1.0 | 6.00 | 47.00 | 53.00 | OK | |
r-oldrel-macos-arm64 | 0.1.0 | 18.00 | OK | |||
r-oldrel-macos-x86_64 | 0.1.0 | 24.00 | OK | |||
r-oldrel-windows-x86_64 | 0.1.0 | 7.00 | 51.00 | 58.00 | OK |
Version: 0.1.0
Check: dependencies in R code
Result: NOTE
Namespaces in Imports field not imported from:
‘rlang’ ‘torch’
All declared Imports should be used.
Flavors: r-devel-linux-x86_64-fedora-clang, r-devel-linux-x86_64-fedora-gcc