Last updated on 2024-05-23 01:58:01 CEST.
Flavor | Version | Tinstall | Tcheck | Ttotal | Status | Flags |
---|---|---|---|---|---|---|
r-devel-linux-x86_64-debian-clang | 0.15.0 | 10.96 | 78.71 | 89.67 | NOTE | |
r-devel-linux-x86_64-debian-gcc | 0.15.0 | 8.18 | 57.97 | 66.15 | NOTE | |
r-devel-linux-x86_64-fedora-clang | 0.15.0 | 113.78 | NOTE | |||
r-devel-linux-x86_64-fedora-gcc | 0.15.0 | 107.28 | NOTE | |||
r-devel-windows-x86_64 | 0.15.0 | 12.00 | 85.00 | 97.00 | NOTE | |
r-patched-linux-x86_64 | 0.15.0 | 12.85 | 72.18 | 85.03 | OK | |
r-release-linux-x86_64 | 0.15.0 | 7.85 | 72.58 | 80.43 | OK | |
r-release-macos-arm64 | 0.15.0 | 43.00 | OK | |||
r-release-macos-x86_64 | 0.15.0 | 85.00 | OK | |||
r-release-windows-x86_64 | 0.15.0 | 13.00 | 84.00 | 97.00 | OK | |
r-oldrel-macos-arm64 | 0.15.0 | 45.00 | OK | |||
r-oldrel-macos-x86_64 | 0.15.0 | 74.00 | OK | |||
r-oldrel-windows-x86_64 | 0.15.0 | 14.00 | 98.00 | 112.00 | OK |
Version: 0.15.0
Check: compiled code
Result: NOTE
File ‘mlr3misc/libs/mlr3misc.so’:
Found non-API call to R: ‘SETLENGTH’
Compiled code should not call non-API entry points in R.
See ‘Writing portable packages’ in the ‘Writing R Extensions’ manual.
Flavors: r-devel-linux-x86_64-debian-clang, r-devel-linux-x86_64-debian-gcc, r-devel-linux-x86_64-fedora-clang, r-devel-linux-x86_64-fedora-gcc
Version: 0.15.0
Check: compiled code
Result: NOTE
File 'mlr3misc/libs/x64/mlr3misc.dll':
Found non-API call to R: 'SETLENGTH'
Compiled code should not call non-API entry points in R.
See 'Writing portable packages' in the 'Writing R Extensions' manual.
Flavor: r-devel-windows-x86_64