Last updated on 2024-05-23 01:58:01 CEST.
Flavor | Version | Tinstall | Tcheck | Ttotal | Status | Flags |
---|---|---|---|---|---|---|
r-devel-linux-x86_64-debian-clang | 0.43.2.1 | 6.21 | 32.80 | 39.01 | OK | |
r-devel-linux-x86_64-debian-gcc | 0.43.2.1 | 4.35 | 25.20 | 29.55 | OK | |
r-devel-linux-x86_64-fedora-clang | 0.43.2.1 | 52.35 | NOTE | |||
r-devel-linux-x86_64-fedora-gcc | 0.43.2.1 | 59.46 | NOTE | |||
r-devel-windows-x86_64 | 0.43.2.1 | 9.00 | 67.00 | 76.00 | OK | |
r-patched-linux-x86_64 | 0.43.2.1 | 4.89 | 31.46 | 36.35 | OK | |
r-release-linux-x86_64 | 0.43.2.1 | 4.73 | 32.38 | 37.11 | OK | |
r-release-macos-arm64 | 0.43.2.1 | 26.00 | OK | |||
r-release-windows-x86_64 | 0.43.2.1 | 9.00 | 66.00 | 75.00 | OK | |
r-oldrel-macos-arm64 | 0.43.2.1 | 43.00 | OK | |||
r-oldrel-macos-x86_64 | 0.43.2.1 | 73.00 | OK | |||
r-oldrel-windows-x86_64 | 0.43.2.1 | 8.00 | 65.00 | 73.00 | OK |
Version: 0.43.2.1
Check: compiled code
Result: NOTE
File ‘mpmi/libs/mpmi.so’:
Found no calls to: ‘R_registerRoutines’, ‘R_useDynamicSymbols’
It is good practice to register native routines and to disable symbol
search.
See ‘Writing portable packages’ in the ‘Writing R Extensions’ manual.
Flavors: r-devel-linux-x86_64-fedora-clang, r-devel-linux-x86_64-fedora-gcc