Last updated on 2024-05-23 01:58:03 CEST.
Flavor | Version | Tinstall | Tcheck | Ttotal | Status | Flags |
---|---|---|---|---|---|---|
r-devel-linux-x86_64-debian-clang | 0.4.0 | 3.43 | 37.79 | 41.22 | OK | |
r-devel-linux-x86_64-debian-gcc | 0.4.0 | 2.38 | 28.78 | 31.16 | OK | |
r-devel-linux-x86_64-fedora-clang | 0.4.0 | 50.15 | NOTE | |||
r-devel-linux-x86_64-fedora-gcc | 0.4.0 | 48.83 | NOTE | |||
r-devel-windows-x86_64 | 0.4.0 | 6.00 | 54.00 | 60.00 | OK | |
r-patched-linux-x86_64 | 0.4.0 | 4.19 | 36.49 | 40.68 | OK | |
r-release-linux-x86_64 | 0.4.0 | 3.84 | 35.05 | 38.89 | OK | |
r-release-macos-arm64 | 0.4.0 | 22.00 | OK | |||
r-release-macos-x86_64 | 0.4.0 | 47.00 | OK | |||
r-release-windows-x86_64 | 0.4.0 | 5.00 | 54.00 | 59.00 | OK | |
r-oldrel-macos-arm64 | 0.4.0 | 31.00 | OK | |||
r-oldrel-macos-x86_64 | 0.4.0 | 36.00 | OK | |||
r-oldrel-windows-x86_64 | 0.4.0 | 6.00 | 56.00 | 62.00 | OK |
Version: 0.4.0
Check: data for non-ASCII characters
Result: NOTE
Note: found 1 marked UTF-8 string
Flavors: r-devel-linux-x86_64-fedora-clang, r-devel-linux-x86_64-fedora-gcc