Last updated on 2024-05-27 02:48:12 CEST.
Flavor | Version | Tinstall | Tcheck | Ttotal | Status | Flags |
---|---|---|---|---|---|---|
r-devel-linux-x86_64-debian-clang | 0.6.0 | 1239.35 | 515.13 | 1754.48 | OK | |
r-devel-linux-x86_64-debian-gcc | 0.6.0 | 997.63 | 357.52 | 1355.15 | OK | |
r-devel-linux-x86_64-fedora-clang | 0.6.0 | 2414.08 | NOTE | |||
r-devel-linux-x86_64-fedora-gcc | 0.6.0 | 2203.95 | OK | |||
r-devel-windows-x86_64 | 0.6.0 | 942.00 | 479.00 | 1421.00 | NOTE | |
r-patched-linux-x86_64 | 0.6.0 | 1609.71 | 489.28 | 2098.99 | OK | |
r-release-linux-x86_64 | 0.6.0 | 1178.36 | 480.49 | 1658.85 | OK | |
r-release-macos-arm64 | 0.6.0 | 764.00 | NOTE | |||
r-release-macos-x86_64 | 0.6.0 | 1803.00 | OK | |||
r-release-windows-x86_64 | 0.6.0 | 967.00 | 476.00 | 1443.00 | NOTE | |
r-oldrel-macos-arm64 | 0.6.0 | 1453.00 | NOTE | |||
r-oldrel-macos-x86_64 | 0.6.0 | 1640.00 | NOTE | |||
r-oldrel-windows-x86_64 | 0.6.0 | 1644.00 | 552.00 | 2196.00 | NOTE |
Version: 0.6.0
Check: installed package size
Result: NOTE
installed size is 9.8Mb
sub-directories of 1Mb or more:
R 7.0Mb
help 2.6Mb
Flavors: r-devel-linux-x86_64-fedora-clang, r-devel-windows-x86_64, r-release-macos-arm64, r-release-windows-x86_64, r-oldrel-macos-arm64, r-oldrel-macos-x86_64, r-oldrel-windows-x86_64