Last updated on 2024-05-27 02:48:15 CEST.
Flavor | Version | Tinstall | Tcheck | Ttotal | Status | Flags |
---|---|---|---|---|---|---|
r-devel-linux-x86_64-debian-clang | 0.8-0.1 | 397.63 | 411.07 | 808.70 | NOTE | |
r-devel-linux-x86_64-debian-gcc | 0.8-0.1 | 275.22 | 285.03 | 560.25 | NOTE | |
r-devel-linux-x86_64-fedora-clang | 0.8-0.1 | 1125.62 | NOTE | |||
r-devel-linux-x86_64-fedora-gcc | 0.8-0.1 | 1145.55 | NOTE | |||
r-devel-windows-x86_64 | 0.8-0.1 | 350.00 | 351.00 | 701.00 | NOTE | |
r-patched-linux-x86_64 | 0.8-0.1 | 380.62 | 373.38 | 754.00 | NOTE | |
r-release-linux-x86_64 | 0.8-0.1 | 389.35 | 385.88 | 775.23 | NOTE | |
r-release-macos-arm64 | 0.8-0.1 | 149.00 | ERROR | |||
r-release-macos-x86_64 | 0.8-0.1 | 148.00 | ERROR | |||
r-release-windows-x86_64 | 0.8-0.1 | 343.00 | 377.00 | 720.00 | NOTE | |
r-oldrel-macos-arm64 | 0.8-0.1 | 203.00 | ERROR | |||
r-oldrel-macos-x86_64 | 0.8-0.1 | 147.00 | ERROR | |||
r-oldrel-windows-x86_64 | 0.8-0.1 | 415.00 | 475.00 | 890.00 | NOTE |
Version: 0.8-0.1
Check: for GNU extensions in Makefiles
Result: NOTE
GNU make is a SystemRequirements.
Flavors: r-devel-linux-x86_64-debian-clang, r-devel-linux-x86_64-debian-gcc, r-devel-linux-x86_64-fedora-clang, r-devel-linux-x86_64-fedora-gcc, r-devel-windows-x86_64, r-patched-linux-x86_64, r-release-linux-x86_64, r-release-windows-x86_64, r-oldrel-windows-x86_64
Version: 0.8-0.1
Check: installed package size
Result: NOTE
installed size is 28.1Mb
sub-directories of 1Mb or more:
hdf5 11.8Mb
include 6.4Mb
lib 3.8Mb
libs 5.6Mb
Flavors: r-devel-linux-x86_64-fedora-clang, r-devel-windows-x86_64, r-release-windows-x86_64, r-oldrel-windows-x86_64
Version: 0.8-0.1
Check: whether package can be installed
Result: ERROR
Installation failed.
Flavors: r-release-macos-arm64, r-release-macos-x86_64, r-oldrel-macos-arm64, r-oldrel-macos-x86_64