Last updated on 2024-05-25 02:51:58 CEST.
Flavor | Version | Tinstall | Tcheck | Ttotal | Status | Flags |
---|---|---|---|---|---|---|
r-devel-linux-x86_64-debian-clang | 0.1 | 7.63 | 54.18 | 61.81 | NOTE | |
r-devel-linux-x86_64-debian-gcc | 0.1 | 5.53 | 39.68 | 45.21 | NOTE | |
r-devel-linux-x86_64-fedora-clang | 0.1 | 76.23 | NOTE | |||
r-devel-linux-x86_64-fedora-gcc | 0.1 | 85.41 | NOTE | |||
r-devel-windows-x86_64 | 0.1 | 5.00 | 72.00 | 77.00 | NOTE | |
r-patched-linux-x86_64 | 0.1 | 9.06 | 51.17 | 60.23 | NOTE | |
r-release-linux-x86_64 | 0.1 | 6.74 | 50.10 | 56.84 | NOTE | |
r-release-macos-arm64 | 0.1 | 35.00 | NOTE | |||
r-release-windows-x86_64 | 0.1 | 5.00 | 132.00 | 137.00 | NOTE | |
r-oldrel-macos-arm64 | 0.1 | 32.00 | NOTE | |||
r-oldrel-macos-x86_64 | 0.1 | 48.00 | NOTE | |||
r-oldrel-windows-x86_64 | 0.1 | 6.00 | 74.00 | 80.00 | NOTE |
Version: 0.1
Check: package subdirectories
Result: NOTE
Problems with news in ‘NEWS.md’:
Cannot extract version info from the following section titles:
pre-release switchboard (2020 - 2021)
Flavors: r-devel-linux-x86_64-debian-clang, r-devel-linux-x86_64-debian-gcc, r-devel-linux-x86_64-fedora-clang, r-devel-linux-x86_64-fedora-gcc, r-devel-windows-x86_64, r-patched-linux-x86_64, r-release-linux-x86_64, r-release-macos-arm64, r-release-windows-x86_64, r-oldrel-macos-arm64, r-oldrel-macos-x86_64, r-oldrel-windows-x86_64