Last updated on 2024-05-23 01:58:11 CEST.
Flavor | Version | Tinstall | Tcheck | Ttotal | Status | Flags |
---|---|---|---|---|---|---|
r-devel-linux-x86_64-debian-clang | 0.2.1 | 2.02 | 23.94 | 25.96 | NOTE | |
r-devel-linux-x86_64-debian-gcc | 0.2.1 | 1.71 | 18.26 | 19.97 | NOTE | |
r-devel-linux-x86_64-fedora-clang | 0.2.1 | 32.91 | NOTE | |||
r-devel-linux-x86_64-fedora-gcc | 0.2.1 | 31.22 | NOTE | |||
r-devel-windows-x86_64 | 0.2.1 | 2.00 | 40.00 | 42.00 | NOTE | |
r-patched-linux-x86_64 | 0.2.1 | 1.77 | 23.40 | 25.17 | NOTE | |
r-release-linux-x86_64 | 0.2.1 | 1.61 | 22.71 | 24.32 | NOTE | |
r-release-macos-arm64 | 0.2.1 | 15.00 | NOTE | |||
r-release-windows-x86_64 | 0.2.1 | 3.00 | 40.00 | 43.00 | NOTE | |
r-oldrel-macos-arm64 | 0.2.1 | 16.00 | NOTE | |||
r-oldrel-macos-x86_64 | 0.2.1 | 18.00 | NOTE | |||
r-oldrel-windows-x86_64 | 0.2.1 | 3.00 | 42.00 | 45.00 | NOTE |
Version: 0.2.1
Check: LazyData
Result: NOTE
'LazyData' is specified without a 'data' directory
Flavors: r-devel-linux-x86_64-debian-clang, r-devel-linux-x86_64-debian-gcc, r-devel-linux-x86_64-fedora-clang, r-devel-linux-x86_64-fedora-gcc, r-devel-windows-x86_64, r-patched-linux-x86_64, r-release-linux-x86_64, r-release-macos-arm64, r-release-windows-x86_64, r-oldrel-macos-arm64, r-oldrel-macos-x86_64, r-oldrel-windows-x86_64