Last updated on 2024-05-27 02:48:20 CEST.
Flavor | Version | Tinstall | Tcheck | Ttotal | Status | Flags |
---|---|---|---|---|---|---|
r-devel-linux-x86_64-debian-clang | 0.4 | 7.41 | 119.07 | 126.48 | NOTE | |
r-devel-linux-x86_64-debian-gcc | 0.4 | 7.36 | 95.24 | 102.60 | NOTE | |
r-devel-linux-x86_64-fedora-clang | 0.4 | 169.76 | NOTE | |||
r-devel-linux-x86_64-fedora-gcc | 0.4 | 154.75 | NOTE | |||
r-devel-windows-x86_64 | 0.4 | 9.00 | 114.00 | 123.00 | NOTE | |
r-patched-linux-x86_64 | 0.4 | 7.61 | 116.64 | 124.25 | NOTE | |
r-release-linux-x86_64 | 0.4 | 7.99 | 113.73 | 121.72 | NOTE | |
r-release-macos-arm64 | 0.4 | 45.00 | NOTE | |||
r-release-windows-x86_64 | 0.4 | 8.00 | 120.00 | 128.00 | NOTE | |
r-oldrel-macos-arm64 | 0.4 | 54.00 | NOTE | |||
r-oldrel-macos-x86_64 | 0.4 | 76.00 | NOTE | |||
r-oldrel-windows-x86_64 | 0.4 | 12.00 | 144.00 | 156.00 | NOTE |
Version: 0.4
Check: LazyData
Result: NOTE
'LazyData' is specified without a 'data' directory
Flavors: r-devel-linux-x86_64-debian-clang, r-devel-linux-x86_64-debian-gcc, r-devel-linux-x86_64-fedora-clang, r-devel-linux-x86_64-fedora-gcc, r-devel-windows-x86_64, r-patched-linux-x86_64, r-release-linux-x86_64, r-release-macos-arm64, r-release-windows-x86_64, r-oldrel-macos-arm64, r-oldrel-macos-x86_64, r-oldrel-windows-x86_64